{"id":32,"date":"2024-10-27T05:08:46","date_gmt":"2024-10-27T05:08:46","guid":{"rendered":"https:\/\/leselevesdethemis.org\/wordpress\/about\/"},"modified":"2024-11-03T08:03:24","modified_gmt":"2024-11-03T08:03:24","slug":"about","status":"publish","type":"page","link":"https:\/\/leselevesdethemis.org\/wordpress\/about\/","title":{"rendered":"Geschiedenis"},"content":{"rendered":"\n<div class=\"wp-block-uagb-container uagb-block-fa2f1646 alignfull uagb-is-root-container\"><div class=\"uagb-container-inner-blocks-wrap\">\n<div class=\"wp-block-uagb-advanced-heading uagb-block-d7c7726a\"><h1 class=\"uagb-heading-text\">De vrijmetselarij<\/h1><\/div>\n<\/div><\/div>\n\n\n\n<div class=\"wp-block-uagb-container uagb-block-f0d8dae7 alignfull uagb-is-root-container\"><div class=\"uagb-container-inner-blocks-wrap\">\n<div class=\"wp-block-uagb-advanced-heading uagb-block-5898a73e\"><h2 class=\"uagb-heading-text\">Ontstaan en ontwikkeling<\/h2><\/div>\n\n\n\n<div class=\"wp-block-uagb-info-box uagb-block-16be2862 uagb-infobox__content-wrap  uagb-infobox-icon-above-title uagb-infobox-image-valign-top\"><div class=\"uagb-ifb-content\"><div class=\"uagb-ifb-title-wrap\"><\/div><p class=\"uagb-ifb-desc\">Algemeen wordt aanvaard dat de moderne vrijmetselarij wortelt in de Engelse en Schotse bouwgilden van de late middeleeuwen. Die corporaties, die de bouwlieden vormden en toezagen op hun werk, waren hi\u00ebrarchische structuren van leerlingen, gezellen en meesters, met eigen regels, gebruiken, rechten en plichten. Binnen die besloten kring werd de kunde van het bouwen doorgegeven. De beslotenheid en de regels beschermden het ambacht tegen onvakkunigheid. Het gildeleven draaide rond de bouwloodsen \u2013 lodges \u2013 waar de leerlingen onder toezicht van de meester door de gezellen werden opgeleid. Ze leefden en werkten lang samen en vormden niet enkel een ambachtelijke leerschool, maar een gemeenschap met sterk ontwikkelde waarden en normen. De meesterproef, de rituele meesterverheffing met bijbehorende eden, de tekens en wachtwoorden, enz. behoorden tot dat gildeleven.<\/p><\/div><\/div>\n\n\n\n<div class=\"wp-block-uagb-container uagb-block-39f2abd6\">\n<div class=\"wp-block-uagb-advanced-heading uagb-block-933457f2\"><p class=\"uagb-desc-text\">De term vrijmetselaar is vermoedelijk terug te leiden tot free-mason. Dat woord zou duiden op de kathedraalbouwer die de vrijheid genoot van streek tot streek te trekken. Sommigen zien een verband met freestone mason, een steenhouwer die zich toelegde op het bewerken van freestone, een hoogwaardige kalksteen die voor het fijne beeldhouwwerk werd gebruikt. Anderen oordelen dat free betrekking heeft op de ambachtsman die zijn tijd als leerling had voltooid, en vrij was om als gezel bij een andere meester te gaan werken.<br><br>De Renaissance bracht bouwmeesters voort die niet alleen bouwkundig maar ook wetenschappelijk, filosofisch en spiritueel erudiet waren. Met de reformatie en de godsdienstoorlogen verminderde de spiritueel ge\u00efnspireerde bouwactiviteit drastisch; de kathedraalbouw kwam tot een halt. De loges bleven echter bestaan, weliswaar in een gewijzigde vorm. De zuiver ambachtelijke of operatieve vrijmetselarij veranderde in bespiegelende of speculatieve ma\u00e7onnerie.<\/p><\/div>\n\n\n\n<div class=\"wp-block-uagb-image uagb-block-c8c068d4 wp-block-uagb-image--layout-default wp-block-uagb-image--effect-static wp-block-uagb-image--align-none\"><figure class=\"wp-block-uagb-image__figure\"><img decoding=\"async\" srcset=\"https:\/\/leselevesdethemis.org\/wordpress\/wp-content\/uploads\/2024\/10\/let_beitel-1.jpg ,https:\/\/leselevesdethemis.org\/wordpress\/wp-content\/uploads\/2024\/10\/let_beitel-1.jpg 780w, https:\/\/leselevesdethemis.org\/wordpress\/wp-content\/uploads\/2024\/10\/let_beitel-1.jpg 360w\" sizes=\"auto, (max-width: 480px) 150px\" src=\"https:\/\/leselevesdethemis.org\/wordpress\/wp-content\/uploads\/2024\/10\/let_beitel-1.jpg\" alt=\"\" class=\"uag-image-20\" width=\"276\" height=\"270\" title=\"let_beitel\" loading=\"lazy\" role=\"img\"\/><\/figure><\/div>\n<\/div>\n<\/div><\/div>\n\n\n\n<div class=\"wp-block-uagb-container uagb-block-d41cbdef alignfull uagb-is-root-container\"><div class=\"uagb-container-inner-blocks-wrap\">\n<div class=\"wp-block-uagb-advanced-heading uagb-block-b7658b31\"><h2 class=\"uagb-heading-text\">Van operatief tot speculatief<\/h2><\/div>\n\n\n\n<div class=\"wp-block-columns is-layout-flex wp-container-core-columns-is-layout-28f84493 wp-block-columns-is-layout-flex\">\n<div class=\"wp-block-column is-layout-flow wp-block-column-is-layout-flow\" style=\"flex-basis:33.33%\">\n<div class=\"wp-block-uagb-image uagb-block-9e589341 wp-block-uagb-image--layout-default wp-block-uagb-image--effect-static wp-block-uagb-image--align-none\"><figure class=\"wp-block-uagb-image__figure\"><img decoding=\"async\" srcset=\"https:\/\/leselevesdethemis.org\/wordpress\/wp-content\/uploads\/2024\/10\/let_moker-1.jpg ,https:\/\/leselevesdethemis.org\/wordpress\/wp-content\/uploads\/2024\/10\/let_moker-1.jpg 780w, https:\/\/leselevesdethemis.org\/wordpress\/wp-content\/uploads\/2024\/10\/let_moker-1.jpg 360w\" sizes=\"auto, (max-width: 480px) 150px\" src=\"https:\/\/leselevesdethemis.org\/wordpress\/wp-content\/uploads\/2024\/10\/let_moker-1.jpg\" alt=\"\" class=\"uag-image-21\" width=\"190\" height=\"255\" title=\"let_moker\" loading=\"lazy\" role=\"img\"\/><\/figure><\/div>\n<\/div>\n\n\n\n<div class=\"wp-block-column is-layout-flow wp-block-column-is-layout-flow\" style=\"flex-basis:66.66%\">\n<div class=\"wp-block-uagb-info-box uagb-block-b7c3a6e5 uagb-infobox__content-wrap  uagb-infobox-icon-above-title uagb-infobox-image-valign-top\"><div class=\"uagb-ifb-content\"><div class=\"uagb-ifb-title-wrap\"><\/div><p class=\"uagb-ifb-desc\">In de loges nam het aantal bouwlieden af ten gunste van speculatieve leden, niet zelden wetenschappers of edelen en dus mannen met kennis, aanzien of invloed. Die laatste traden tot de loges toe omdat ze daar in woelige tijden toevluchtsoorden vonden, vrij van religieuze en politieke dwang. De toevloed van speculatieve leden uit een breed spectrum, wijzigde de werking van de ateliers: de werktuigen en rituelen van de kathedraalbouwers werden aangewend om vrij van kerkelijk- en overheidstoezicht bij levensbeschouwelijke vragen stil te staan. Hun zienswijze en opvattingen waren getekend door de Renaissance, het Humanisme, de Reformatie, de ontluikende positieve wetenschap, een nieuwe visie op filosofie en een politiek ontwaken. Zij waren de actoren of de vruchten van baanbrekende filosofische, maatschappelijke en politieke veranderingen, die uiteindelijk tot de Verlichting en de moderniteit leidden.<\/p><\/div><\/div>\n<\/div>\n<\/div>\n<\/div><\/div>\n\n\n\n<div class=\"wp-block-uagb-container uagb-block-da042bc5 alignfull uagb-is-root-container\"><div class=\"uagb-container-inner-blocks-wrap\">\n<div class=\"wp-block-uagb-advanced-heading uagb-block-d96eb953\"><h2 class=\"uagb-heading-text\">De georganiseerde moderne vrijmetselarij<\/h2><\/div>\n\n\n\n<div class=\"wp-block-columns is-layout-flex wp-container-core-columns-is-layout-28f84493 wp-block-columns-is-layout-flex\">\n<div class=\"wp-block-column is-layout-flow wp-block-column-is-layout-flow\" style=\"flex-basis:66.66%\">\n<div class=\"wp-block-uagb-info-box uagb-block-d4fb700c uagb-infobox__content-wrap  uagb-infobox-icon-above-title uagb-infobox-image-valign-top\"><div class=\"uagb-ifb-content\"><div class=\"uagb-ifb-title-wrap\"><\/div><p class=\"uagb-ifb-desc\">Op 24 juni 1717 richtten vier loges te London een grootloge op. Dit wordt gezien als het startpunt van de georganiseerde moderne vrijmetselarij. In 1723 drukte de Schotse predikant James Anderson de nieuwe vrijmetselaarsgeest in de Constitutions uit; daarin is een bewerking neergelegd van de Old Charges of Oude Plichten, die eertijds voor de leden van de bouwgilden golden. Zij vormen nog steeds een belangrijke wijzer van de zedelijke plichten die op ma\u00e7ons rusten en geven een regeling voor hun werkzaamheden.<br><br>Vanuit Groot-Brittanni\u00eb heeft de vrijmetselarij zich in de achttiende eeuw over Europa, Amerika en de rest van de wereld verspreid. Het is dus in de Oostenrijkse tijd dat de ma\u00e7onnerie zich hier te lande ontplooide.<br><br>De verlichtingsdenkbeelden van de ma\u00e7onnerie hadden in de achttiende eeuw en later kerkelijke veroordelingen tot gevolg. In sommige landen \u2013 doorgaans Latijnse en ook Belgi\u00eb &#8211; heeft dit de vrijmetselarij een eigen karakter gegeven.<br><br>Met de Franse revolutie werden de Zuidelijke Nederlanden bij Frankrijk ge\u00efncorporeerd en vielen de loges onder het gezag van het Grootoosten van Frankrijk. De verdere groei en ontwikkeling van de vrijmetselarij werd in die tijd o.m. bevorderd door de Franse militaire loges en de talrijke Franse ambtenaren en handelaren die zich hier vestigden. Les El\u00e8ves de Th\u00e9mis, in 1808 &#8211; officieus zelfs in 1806 &#8211; opgericht, is daar een voorbeeld van.<br><br>Tijdens de Hollandse tijd ressorteerden de werkplaatsen in het toekomstige Belgi\u00eb onder een Provinciale Grootloge voor de Zuidelijke Nederlanden in de schoot van het Grootoosten der Nederlanden.<\/p><\/div><\/div>\n<\/div>\n\n\n\n<div class=\"wp-block-column is-layout-flow wp-block-column-is-layout-flow\" style=\"flex-basis:33.33%\">\n<div class=\"wp-block-uagb-image uagb-block-ab00d143 wp-block-uagb-image--layout-default wp-block-uagb-image--effect-static wp-block-uagb-image--align-none\"><figure class=\"wp-block-uagb-image__figure\"><img decoding=\"async\" srcset=\"https:\/\/leselevesdethemis.org\/wordpress\/wp-content\/uploads\/2024\/11\/449px-Goose_and_Gridiron.jpg ,https:\/\/leselevesdethemis.org\/wordpress\/wp-content\/uploads\/2024\/11\/449px-Goose_and_Gridiron.jpg 780w, https:\/\/leselevesdethemis.org\/wordpress\/wp-content\/uploads\/2024\/11\/449px-Goose_and_Gridiron.jpg 360w\" sizes=\"auto, (max-width: 480px) 150px\" src=\"https:\/\/leselevesdethemis.org\/wordpress\/wp-content\/uploads\/2024\/11\/449px-Goose_and_Gridiron.jpg\" alt=\"\" class=\"uag-image-620\" width=\"449\" height=\"599\" title=\"449px-Goose_and_Gridiron\" loading=\"lazy\" role=\"img\"\/><\/figure><\/div>\n<\/div>\n<\/div>\n<\/div><\/div>\n\n\n\n<div class=\"wp-block-uagb-container uagb-block-1609c158 alignfull uagb-is-root-container\"><div class=\"uagb-container-inner-blocks-wrap\">\n<div class=\"wp-block-uagb-advanced-heading uagb-block-c0debf48\"><h2 class=\"uagb-heading-text\">Na 1830<\/h2><\/div>\n\n\n\n<div class=\"wp-block-uagb-info-box uagb-block-d352c428 uagb-infobox__content-wrap  uagb-infobox-icon-above-title uagb-infobox-image-valign-top\"><div class=\"uagb-ifb-content\"><div class=\"uagb-ifb-title-wrap\"><\/div><p class=\"uagb-ifb-desc\">Na de Belgische onafhankelijkheid werd in 1833 het Grootoosten van Belgi\u00eb opgericht. Zelfs naar de huidige maatstaven kreeg de obedi\u00ebntie bijzonder democratische statuten. Met de tijd werden ze nog liberaler en boden ze binnen de loges de nodige ruimte zich over maatschappelijke vraagstukken te buigen, aan de menselijke vooruitgang bij te dragen en het aanroepen van de Opperbouwmeester ter zijde te zetten. De Belgische vrijmetselarij kon daardoor mede het voortouw nemen van de belangrijke emancipatorische bewegingen van de tijd: het algemeen stemrecht, verplicht onderwijs voor iedereen, een seculiere staat&#8230;<br><br>De groeiende kloof met de kerk heeft de Belgische vrijmetselarij getekend en verklaart grotendeels haar particulariteit. Van het prille begin stonden de Belgische bisschoppen afwijzend tegen het Grootoosten van Belgi\u00eb. Met een mandement of herderlijke brief verboden ze de gelovigen in 1838 de ma\u00e7onnerie. Ook later zal de antima\u00e7onnieke beweging een weerslag hebben op de evolutie van de vrijmetselaarsgedachten.<br><br>Doorheen de twintigste eeuw bleef de Belgische vrijmetselarij haar waarden en streven trouw. Tijdens de Eerste Wereldoorlog en de depressiejaren verleende ze hulp aan de noodlijdende bevolking. Onverminderd bleef ook haar engagement voor emancipatie. Tijdens de Nazi-bezetting werden haar bezittingen geplunderd en broeders koelbloedig vermoord. Vele ma\u00e7ons kozen voor het verzet.<br><br>Het Grootoosten van Belgi\u00eb federeert thans ca 120 loges doorheen gans het land, waar mensen in oprechte overtuiging elkaar in verdraagzaamheid ontmoeten.<\/p><\/div><\/div>\n<\/div><\/div>\n\n\n\n<div class=\"wp-block-uagb-container uagb-block-5986893a alignfull uagb-is-root-container\"><div class=\"uagb-container-inner-blocks-wrap\">\n<div class=\"wp-block-uagb-advanced-heading uagb-block-e56bb719\"><h2 class=\"uagb-heading-text\">De Achtbare Loge Les El\u00e8ves de Th\u00e9mis<\/h2><\/div>\n\n\n\n<div class=\"wp-block-columns is-layout-flex wp-container-core-columns-is-layout-28f84493 wp-block-columns-is-layout-flex\">\n<div class=\"wp-block-column is-layout-flow wp-block-column-is-layout-flow\" style=\"flex-basis:33.33%\">\n<div class=\"wp-block-uagb-image uagb-block-e860775d wp-block-uagb-image--layout-default wp-block-uagb-image--effect-static wp-block-uagb-image--align-none\"><figure class=\"wp-block-uagb-image__figure\"><img decoding=\"async\" srcset=\"https:\/\/leselevesdethemis.org\/wordpress\/wp-content\/uploads\/2024\/11\/juweel.jpg ,https:\/\/leselevesdethemis.org\/wordpress\/wp-content\/uploads\/2024\/11\/juweel.jpg 780w, https:\/\/leselevesdethemis.org\/wordpress\/wp-content\/uploads\/2024\/11\/juweel.jpg 360w\" sizes=\"auto, (max-width: 480px) 150px\" src=\"https:\/\/leselevesdethemis.org\/wordpress\/wp-content\/uploads\/2024\/11\/juweel.jpg\" alt=\"\" class=\"uag-image-626\" width=\"303\" height=\"331\" title=\"juweel\" loading=\"lazy\" role=\"img\"\/><\/figure><\/div>\n<\/div>\n\n\n\n<div class=\"wp-block-column is-layout-flow wp-block-column-is-layout-flow\" style=\"flex-basis:66.66%\">\n<div class=\"wp-block-uagb-info-box uagb-block-fd279d2f uagb-infobox__content-wrap  uagb-infobox-icon-above-title uagb-infobox-image-valign-top\"><div class=\"uagb-ifb-content\"><div class=\"uagb-ifb-title-wrap\"><\/div><p class=\"uagb-ifb-desc\">In maart 1804 wordt te Antwerpen onder de auspici\u00ebn van het Grootoosten van Frankrijk de loge Les Amis du Commerce opgericht. De uitbouw van die werkplaats gaf een impuls aan de ma\u00e7onnerie in de regio. Weldra zwermden een aantal broeders van die loge echter uit en richtten Les El\u00e8ves de Th\u00e9mis op. Wensten ze in een andere ritus te werken of hadden ze bezwaar tegen de verdubbeling van de contributie voor Les Amis du Commerce? Hun redenen blijven nevelig. Alleszins staat vast dat Les El\u00e8ves de Th\u00e9mis op 26 december 1808 plechtig werd opgericht. Toentertijd telde de loge voornamelijk Franse broeders, velen werkzaam in of rond de Antwerpse haven.<br><br>De naam Les El\u00e8ves de Th\u00e9mis zinspeelt mogelijk op de afkondiging van het Burgerlijk Wetboek of Code Napol\u00e9on in 1804 en de revolutionaire idealen &#8211; Libert\u00e9, Egalit\u00e9, Fraternit\u00e9 &#8211; die mede tot dat wetboek hadden geleid.<br><br>Met de tijd ontstond binnen de werkplaats wrijving. Als gevolg werd Les El\u00e8ves de Th\u00e9mis op 12 april 1813 van het tableau van het Grand Orient de France geschrapt.<\/p><\/div><\/div>\n<\/div>\n<\/div>\n\n\n\n<div class=\"wp-block-uagb-info-box uagb-block-c8337a1f uagb-infobox__content-wrap  uagb-infobox-icon-above-title uagb-infobox-image-valign-top\"><div class=\"uagb-ifb-content\"><div class=\"uagb-ifb-title-wrap\"><\/div><p class=\"uagb-ifb-desc\">In december 1849 werd de loge Les El\u00e8ves de Th\u00e9mis heropgericht en officieel door het Grootoosten van Belgi\u00eb erkend.<br><br>De werkplaats koos in 1876 voor het gebruik van het Nederlands; Les El\u00e8ves de Th\u00e9mis is daardoor de oudste Nederlandstalige loge van het land. Die belangrijke beslissing zette tal van broeders van andere werkplaatsen tot affili\u00ebren aan.<br><br>Met veel luister vierde de loge in 1908 haar eeuwfeest. Niets liet toen de dramatisch gebeurtenissen van de volgende decennia vermoeden. De twee Wereldoorlogen, hun immense politieke impact en menselijke tol gingen de ma\u00e7onnerie niet onopgemerkt voorbij. Vervolging en deportatie waren onder het nationaal-socialisme ook de Belgische vrijmetselaars beschoren. Ongeacht de beproevingen, bleef het engagement voor een tolerante en betere wereld ongebroken. Op alle maatschappelijke vlakken \u2013 sociaal, wetenschappelijk, cultureel, bestuurlijk, enz. &#8211; droegen vele broeders van de werkplaats tot de ontplooiing van land en stad bij.<br><br>Ruim 200 jaar na haar oprichting, is Les El\u00e8ves de Th\u00e9mis een levendige en bloeiende loge, die veel jonge werkplaatsen heeft gesteund en steeds haar verantwoordelijkheid binnen het Grootoosten van Belgi\u00eb heeft opgenomen.<\/p><\/div><\/div>\n<\/div><\/div>\n\n\n\n<div class=\"wp-block-uagb-container uagb-block-71fea0c9 alignfull uagb-is-root-container\"><div class=\"uagb-container-inner-blocks-wrap\">\n<div class=\"wp-block-uagb-info-box uagb-block-844f8cf1 uagb-infobox__content-wrap  uagb-infobox-icon-above-title uagb-infobox-image-valign-top\"><div class=\"uagb-ifb-content\"><div class=\"uagb-ifb-title-wrap\"><h2 class=\"uagb-ifb-title\">Contact<\/h2><\/div><p class=\"uagb-ifb-desc\"><strong>&nbsp;Zo U een rechtschapen en vrij man van minstens 25 jaar is, die de ma\u00e7onnieke begrippen en waarden kan verstaan en wenst uit te dragen<\/strong><\/p><div class=\"uagb-ifb-button-wrapper wp-block-button\"><a href=\"\/contact\/\" class=\"uagb-infobox-cta-link wp-block-button__link\" target=\"_self\" rel=\"noopener noreferrer\" onclick=\"return true;\"><span class=\"uagb-inline-editing\">Contact<\/span><\/a><\/div><\/div><\/div>\n<\/div><\/div>\n\n\n\n<p class=\"\"><\/p>\n","protected":false},"excerpt":{"rendered":"<p>De vrijmetselarij Ontstaan en ontwikkeling De term vrijmetselaar is vermoedelijk terug te leiden tot free-mason. Dat woord zou duiden op [&hellip;]<\/p>\n","protected":false},"author":1,"featured_media":0,"parent":0,"menu_order":0,"comment_status":"closed","ping_status":"closed","template":"","meta":{"_acf_changed":false,"nf_dc_page":"","_bbp_topic_count":0,"_bbp_reply_count":0,"_bbp_total_topic_count":0,"_bbp_total_reply_count":0,"_bbp_voice_count":0,"_bbp_anonymous_reply_count":0,"_bbp_topic_count_hidden":0,"_bbp_reply_count_hidden":0,"_bbp_forum_subforum_count":0,"_eb_attr":"","om_disable_all_campaigns":false,"_uag_custom_page_level_css":"","site-sidebar-layout":"default","site-content-layout":"","ast-site-content-layout":"default","site-content-style":"default","site-sidebar-style":"default","ast-global-header-display":"","ast-banner-title-visibility":"","ast-main-header-display":"","ast-hfb-above-header-display":"","ast-hfb-below-header-display":"","ast-hfb-mobile-header-display":"","site-post-title":"disabled","ast-breadcrumbs-content":"","ast-featured-img":"","footer-sml-layout":"","ast-disable-related-posts":"","theme-transparent-header-meta":"enabled","adv-header-id-meta":"","stick-header-meta":"","header-above-stick-meta":"","header-main-stick-meta":"","header-below-stick-meta":"","astra-migrate-meta-layouts":"default","ast-page-background-enabled":"default","ast-page-background-meta":{"desktop":{"background-color":"var(--ast-global-color-4)","background-image":"","background-repeat":"repeat","background-position":"center center","background-size":"auto","background-attachment":"scroll","background-type":"","background-media":"","overlay-type":"","overlay-color":"","overlay-opacity":"","overlay-gradient":""},"tablet":{"background-color":"","background-image":"","background-repeat":"repeat","background-position":"center center","background-size":"auto","background-attachment":"scroll","background-type":"","background-media":"","overlay-type":"","overlay-color":"","overlay-opacity":"","overlay-gradient":""},"mobile":{"background-color":"","background-image":"","background-repeat":"repeat","background-position":"center center","background-size":"auto","background-attachment":"scroll","background-type":"","background-media":"","overlay-type":"","overlay-color":"","overlay-opacity":"","overlay-gradient":""}},"ast-content-background-meta":{"desktop":{"background-color":"var(--ast-global-color-5)","background-image":"","background-repeat":"repeat","background-position":"center center","background-size":"auto","background-attachment":"scroll","background-type":"","background-media":"","overlay-type":"","overlay-color":"","overlay-opacity":"","overlay-gradient":""},"tablet":{"background-color":"var(--ast-global-color-5)","background-image":"","background-repeat":"repeat","background-position":"center center","background-size":"auto","background-attachment":"scroll","background-type":"","background-media":"","overlay-type":"","overlay-color":"","overlay-opacity":"","overlay-gradient":""},"mobile":{"background-color":"var(--ast-global-color-5)","background-image":"","background-repeat":"repeat","background-position":"center center","background-size":"auto","background-attachment":"scroll","background-type":"","background-media":"","overlay-type":"","overlay-color":"","overlay-opacity":"","overlay-gradient":""}},"footnotes":""},"class_list":["post-32","page","type-page","status-publish","hentry"],"acf":[],"uagb_featured_image_src":{"full":false,"thumbnail":false,"medium":false,"medium_large":false,"large":false,"1536x1536":false,"2048x2048":false},"uagb_author_info":{"display_name":"sitemanager","author_link":"https:\/\/leselevesdethemis.org\/wordpress\/author\/sitemanager\/"},"uagb_comment_info":0,"uagb_excerpt":"De vrijmetselarij Ontstaan en ontwikkeling De term vrijmetselaar is vermoedelijk terug te leiden tot free-mason. Dat woord zou duiden op [&hellip;]","_links":{"self":[{"href":"https:\/\/leselevesdethemis.org\/wordpress\/wp-json\/wp\/v2\/pages\/32","targetHints":{"allow":["GET"]}}],"collection":[{"href":"https:\/\/leselevesdethemis.org\/wordpress\/wp-json\/wp\/v2\/pages"}],"about":[{"href":"https:\/\/leselevesdethemis.org\/wordpress\/wp-json\/wp\/v2\/types\/page"}],"author":[{"embeddable":true,"href":"https:\/\/leselevesdethemis.org\/wordpress\/wp-json\/wp\/v2\/users\/1"}],"replies":[{"embeddable":true,"href":"https:\/\/leselevesdethemis.org\/wordpress\/wp-json\/wp\/v2\/comments?post=32"}],"version-history":[{"count":14,"href":"https:\/\/leselevesdethemis.org\/wordpress\/wp-json\/wp\/v2\/pages\/32\/revisions"}],"predecessor-version":[{"id":639,"href":"https:\/\/leselevesdethemis.org\/wordpress\/wp-json\/wp\/v2\/pages\/32\/revisions\/639"}],"wp:attachment":[{"href":"https:\/\/leselevesdethemis.org\/wordpress\/wp-json\/wp\/v2\/media?parent=32"}],"curies":[{"name":"wp","href":"https:\/\/api.w.org\/{rel}","templated":true}]}}